n l(0) is divided by j.
3
Let z be (-3 - -80 - -3)/(-7 - -6). What is the remainder when (-1 - z/12*-24)*-1 is divided by 11?
7
Let i be (-4 + (-185)/15)*-3. Let j = i + -47. What is the remainder when 72 is divided by j?
0
Suppose -3*x = -3*h - 900, 1164 = -0*x + 4*x + 2*h. What is the remainder when x is divided by 111?
72
Let y(k) = 35*k + 305. What is the remainder when y(-3) is divided by 144?
56
Let x(l) = -16*l + 110. Suppose -85 = -26*o + 9*o. What is the remainder when 137 is divided by x(o)?
17
Calculate the remainder when (-451 + 11)*(-4)/5 is divided by 42.
16
Let n(y) = -y**3 + 3*y**2 + 33*y - 25. Calculate the remainder when 26 is divided by n(-5).
6
Suppose -7*m = -5*m - c - 1094, -4*m - 3*c = -2198. Calculate the remainder when m is divided by 23.
19
Suppose 0 = 2*q - 4*f - 42, 4*f = 4*q + 9*f - 45. Let n(g) = g**2 - 5*g + 10. What is the remainder when q is divided by n(0)?
5
Suppose -r + 152 = 158, 5*d = 2*r + 97. Suppose -5*t + 317 = -2*n, 0*n = 4*t + 3*n - 272. What is the remainder when t is divided by d?
14
Suppose -9531 - 6954 = -70*u + 2135. Calculate the remainder when 276 is divided by u.
10
Suppose -3*m - 1721 = 4*o, 1728 = -4*o + m + 3*m. Let j = o + 451. Calculate the remainder when j is divided by 6.
2
Let y be (-177 + 0)/(-3 + (-18)/(-4)). Let q = 192 + y. Suppose 0 = -2*x - 0*l - 3*l + 33, -4*x + 2*l + q = 0. Calculate the remainder when 67 is divided by x.
13
Suppose 0 = -4*x - 4*u + 720, 0 = u - 29 + 28. What is the remainder when 363 is divided by x?
5
Let v(a) = 2*a**2 + 13*a - 265. Let j be 93/3 + 1*-2. Let g = 52 - j. What is the remainder when g is divided by v(9)?
9
Let t(l) = -82*l + 631. Let j(m) = 36*m**2 + 2*m - 3. What is the remainder when t(6) is divided by j(1)?
34
Let d = -47 + 79. Let t = 8 + d. Let z = t - 30. What is the remainder when 38 is divided by z?
8
Suppose -13*l - 366 = -19*l. Let u = 109 - l. What is the remainder when 95 is divided by u?
47
What is the remainder when 6/60*(3 - (-5)/(-10))*45748 is divided by 13?
10
Suppose 0 = -5*x - 3*x - 224. Let p be 8/x + -9*3/(-21). Let v(q) = 20*q. What is the remainder when 54 is divided by v(p)?
14
Suppose 21 = n + 2. Suppose 7*h - 260 = 3*h - 2*a, -3*a = 5*h - 324. Calculate the remainder when h is divided by n.
9
Let n = 922 + -902. Let y be (-422)/6 - 18/27. Let c = 128 + y. What is the remainder when c is divided by n?
17
Suppose -3*q + 4*q = 3*q. Suppose 0*h + 5*h - 25 = q. Suppose 14 = x - 0*x - 4*p, -h*x = -4*p - 70. What is the remainder when 110 is divided by x?
12
Let a(u) = -u - 10. Let h be a(-14). Suppose 5*l - g - 13 = 0, 5*l - 4*g - h = l. Calculate the remainder when 111 is divided by (-8)/l*114/(-8).
35
Let c = 12 - 6. What is the remainder when 5/2*(-660)/(-75) is divided by c?
4
Let y = -14473 + 15017. What is the remainder when y is divided by 42?
40
Let g(c) = c**2 - 46*c - 26. What is the remainder when 799 is divided by g(51)?
112
Suppose 5*s = 95 + 55. Let r(y) = 8*y**2 + 12*y - 9. Let g be r(-9). Suppose 54 = 5*x - g. Calculate the remainder when x is divided by s.
27
Suppose 0 = -5*p + 121 - 46. Calculate the remainder when (-66 + 84)/((-8)/(-78)*(-99)/(-66)) is divided by p.
12
Let t(k) be the first derivative of -k**2/2 + 16*k - 29. Suppose 24 = 5*z + 3*v + 4, -5*z = -3*v - 50. What is the remainder when z is divided by t(12)?
3
Suppose 5*w - 2*p = 1 + 16, -2*w = 3*p - 3. Suppose -17*x + 13*x + 77 = 5*l, -w*x + 2*l + 29 = 0. Calculate the remainder when 114 is divided by x.
10
What is the remainder when 14/(-4)*6/(-21) - -999*1 is divided by 143?
142
Suppose 15648 + 579 = 49*y - 10331. Calculate the remainder when y is divided by 222.
98
Suppose -3*c + 94 = j, -5*j = 161*c - 158*c - 398. Calculate the remainder when 139 is divided by j.
63
Let x be 12/(-5)*(-150)/4. Suppose 3*j + 4*h = x, 87 = 5*j - 3*h - 92. What is the remainder when 126 is divided by j?
24
What is the remainder when -2 + (-147)/7 + 8596 is divided by 32?
29
Suppose -7*z - 1298 = -241. Let n = 158 + z. What is the remainder when 19 is divided by n?
5
Let c(j) = 347*j + 3053. What is the remainder when 674 is divided by c(-8)?
120
Suppose 2*t = -3*t + 1810. Let b(h) = 3*h**3 + 122*h**2 - 40*h + 54. What is the remainder when t is divided by b(-41)?
11
Let d be ((-2)/(-6))/(8/24) + 1. Let l(a) = 53*a**d - 23*a**2 - 29*a**2 + 2*a + 0*a + 5. Calculate the remainder when 62 is divided by l(-4).
10
Let k = -3032 + 3460. Calculate the remainder when k is divided by 104.
12
Suppose -752 + 38 = -7*y. Let c = y - 64. What is the remainder when c is divided by 10?
8
Suppose 64*y - 299180 = -76*y. Calculate the remainder when y is divided by 14.
9
Let x be (38/(-12) - (-12)/72) + 52. Suppose -4*h + 139 = -x. What is the remainder when 279 is divided by h?
44
Let d(q) = 2*q**2 + q - 70. Calculate the remainder when 2763 is divided by d(7).
33
Suppose 1894*g = 1911*g - 1003. Suppose 0 = -2*w + 4*f + 26, -5*w + 80 = -9*f + 4*f. Calculate the remainder when g is divided by (-3 - (3 - w)) + -1.
11
Let z = -29 - 32. Let r = 165 + z. What is the remainder when r is divided by (-20)/(-1) - (-615)/(-123)?
14
Suppose 25 = 5*j, 2759*o - 7571 = 2755*o - 3*j. What is the remainder when o is divided by 79?
72
Suppose 5*f + 16*f = -388 + 3832. Calculate the remainder when 201 is divided by f.
37
What is the remainder when 761 is divided by 35438/564 + (-1)/(-6)*7?
57
Let v = -148 + 181. Let h = -1009 + 1068. Calculate the remainder when h is divided by v.
26
Suppose 0 = -3*n - 4*x + 418, 51*x - 10 = 53*x. Calculate the remainder when 738 is divided by n.
8
Suppose 0 = -10*q + 135 - 5. Suppose 0 = -3*b - 0. Suppose v - 4*v + 12 = b. Calculate the remainder when q is divided by v.
1
Let u = 304 - 282. Suppose z - k - u = 0, -3*z + 61 = -5*k - 3. Calculate the remainder when 36 is divided by z.
13
Let j(g) = -17*g**2 + 9*g - 22. Let c(f) = -5*f**2 + 3*f - 7. Let b(d) = -7*c(d) + 2*j(d). Calculate the remainder when 172 is divided by b(-5).
37
Suppose g = -5*c + 39, 7*g = 4*c + 6*g - 33. Let t = 8 - 2. Suppose t*v - 4*v - 62 = 0. What is the remainder when v is divided by c?
7
Suppose -2*j = 4*m - 27 - 13, -4*j - 4*m + 64 = 0. Suppose -126 = -g + 82. Suppose -6*v + g - 10 = 0. Calculate the remainder when v is divided by j.
9
Let x be (1/(-2))/((-5)/20). Let q = 55 + -36. Calculate the remainder when 2247/63 + x/6 is divided by q.
17
Let s be ((-548)/(-6))/(7/(-21)). Let k = -253 - s. What is the remainder when 116 is divided by k?
11
Let s = 769015 + -768852. Let r be 10*(2 + (-3)/2). Let f(o) = -o**3 + 5*o**2 + 6*o + 3. What is the remainder when s is divided by f(r)?
31
Let p(t) be the second derivative of t**5/20 - 25*t**4/12 + 23*t**2/2 + t - 67. What is the remainder when p(25) is divided by 6?
5
Let d = 495 + -120. Let w(r) = 3*r**2 - 47*r - 147. What is the remainder when d is divided by w(-3)?
18
Suppose -4*k + 5*t = -1958, 0 = 5*k - t + 2*t - 2491. Calculate the remainder when 499 is divided by k.
2
Suppose 181 - 1267 = -4*h - 5*m, -5*m + 812 = 3*h. What is the remainder when 1617 is divided by h?
247
Suppose -2*s + 4*b = -42, 2*s - 6*s + 120 = b. Calculate the remainder when 86 is divided by s.
28
Calculate the remainder when 1018 is divided by 45 - 7 - (7 - (-8 - -10)).
28
Let n = 1 + 0. Let a(z) = 95*z - 480. Let o(l) = -24*l + 119. Let c(p) = 6*a(p) + 25*o(p). What is the remainder when c(3) is divided by n?
0
Let o = 13544 - 13508. Calculate the remainder when 16198 is divided by o.
34
Suppose 1277 = 12367*q - 12366*q. What is the remainder when q is divided by 64?
61
Let o(a) = -15*a - 42. Let q be o(-20). Suppose 3*y - 2*l - 253 = 0, -3*y - 6*l = -9*l - q. What is the remainder when y is divided by 21?
18
Let s = 6622 - 6606. What is the remainder when 412 is divided by s?
12
Let n = 20362 - 20344. Let h = -4 - -11. Calculate the remainder when n is divided by h.
4
Let h(x) = 21*x + 409. Let d be 5 + -3 + (0 - -4). Calculate the remainder when h(d) is divided by 27.
22
Suppose 3056 = 49*l - 1550. Calculate the remainder when 909 is divided by l.
63
Suppose 33 = 5*p - 3*d - 127, -5*d + 25 = 0. Calculate the remainder when 82 is divided by p.
12
Let a = 28695 + -26364. Calculate the remainder when a is divided by 25.
6
Let s = 56 + -45. Suppose 4*f + 0*f 